1, 61703
What are the prime factors of 3675996?
2, 3, 101, 337
List the prime factors of 480787.
480787
What are the prime factors of 410490?
2, 3, 5, 4561
What are the prime factors of 846408?
2, 3, 35267
What are the prime factors of 6448798?
2, 61, 52859
What are the prime factors of 81294?
2, 3, 17, 797
List the prime factors of 15146721.
3, 853, 1973
What are the prime factors of 159505?
5, 19, 23, 73
List the prime factors of 885293.
23, 61, 631
What are the prime factors of 95529?
3, 7, 4549
What are the prime factors of 1083244?
2, 227, 1193
List the prime factors of 14829929.
14829929
List the prime factors of 261161.
179, 1459
List the prime factors of 1492627.
1492627
What are the prime factors of 907546?
2, 227, 1999
List the prime factors of 600817.
7, 85831
What are the prime factors of 2170296?
2, 3, 43, 701
What are the prime factors of 260896?
2, 31, 263
What are the prime factors of 6743551?
137, 49223
What are the prime factors of 266205?
3, 5, 17747
List the prime factors of 345620.
2, 5, 11, 1571
What are the prime factors of 2879556?
2, 3, 239963
What are the prime factors of 39702281?
5039, 7879
List the prime factors of 22425968.
2, 1401623
List the prime factors of 18150927.
3, 89, 157, 433
What are the prime factors of 2317781?
79, 29339
List the prime factors of 360517.
349, 1033
What are the prime factors of 43722?
2, 3, 7, 347
What are the prime factors of 3495080?
2, 5, 23, 29, 131
What are the prime factors of 867383?
11, 78853
List the prime factors of 5397808.
2, 13, 25951
List the prime factors of 1065623.
13, 81971
What are the prime factors of 1307162?
2, 19, 41, 839
List the prime factors of 517563.
3, 29, 661
What are the prime factors of 6378498?
2, 3, 7, 23, 31, 71
What are the prime factors of 279647?
29, 9643
List the prime factors of 9019751.
13, 693827
List the prime factors of 22954139.
13, 1765703
What are the prime factors of 27329496?
2, 3, 1138729
List the prime factors of 22229613.
3, 7, 117617
What are the prime factors of 664630?
2, 5, 66463
What are the prime factors of 1127241?
3, 251, 499
List the prime factors of 3144320.
2, 5, 17
List the prime factors of 579607.
7, 31, 2671
List the prime factors of 231273.
3, 7, 3671
List the prime factors of 278812.
2, 43, 1621
What are the prime factors of 347132?
2, 86783
What are the prime factors of 1169644?
2, 7, 37, 1129
What are the prime factors of 576920?
2, 5, 14423
What are the prime factors of 3145300?
2, 5, 71, 443
What are the prime factors of 484908?
2, 3, 17, 2377
List the prime factors of 13767447.
3, 1171, 3919
What are the prime factors of 4913440?
2, 5, 7, 41, 107
List the prime factors of 159001.
17, 47, 199
List the prime factors of 547087.
547087
List the prime factors of 1706688.
2, 3, 2963
List the prime factors of 6018660.
2, 3, 5, 29, 1153
List the prime factors of 319580.
2, 5, 19, 29
What are the prime factors of 1380941?
73, 18917
What are the prime factors of 3218740?
2, 5, 7, 83, 277
List the prime factors of 1792316.
2, 29, 15451
List the prime factors of 2019377.
19, 23, 4621
What are the prime factors of 3401722?
2, 19, 89519
List the prime factors of 8496101.
29, 292969
What are the prime factors of 425197?
425197
List the prime factors of 4989496.
2, 397, 1571
List the prime factors of 2091450.
2, 3, 5, 73, 191
List the prime factors of 315655.
5, 63131
What are the prime factors of 286813?
286813
List the prime factors of 753421.
753421
What are the prime factors of 20302337?
11, 523, 3529
What are the prime factors of 725601?
3, 241867
What are the prime factors of 40920594?
2, 3, 11, 13, 37, 1289
What are the prime factors of 2551473?
3, 53, 1783
What are the prime factors of 2963078?
2, 1481539
What are the prime factors of 238233?
3, 79411
What are the prime factors of 10376186?
2, 389, 13337
What are the prime factors of 1167250?
2, 5, 7, 23, 29
What are the prime factors of 9694715?
5, 229, 8467
What are the prime factors of 4640058?
2, 3, 29, 2963
What are the prime factors of 239868?
2, 3, 2221
List the prime factors of 1184425.
5, 11, 59, 73
List the prime factors of 1084634.
2, 17, 19, 23, 73
What are the prime factors of 824609?
824609
List the prime factors of 910068.
2, 3, 181, 419
List the prime factors of 910712.
2, 11, 79, 131
List the prime factors of 110108.
2, 27527
List the prime factors of 4321839.
3, 499, 2887
List the prime factors of 5067924.
2, 3, 29, 14563
List the prime factors of 23807930.
2, 5, 2380793
What are the prime factors of 1073371?
13, 82567
What are the prime factors of 232144?
2, 11, 1319
What are the prime factors of 1270081?
47, 61, 443
List the prime factors of 197148.
2, 3, 7, 2347
List the prime factors of 292738.
2, 146369
What are the prime factors of 4898032?
2, 107, 2861
List the prime factors of 12880908.
2, 3, 43, 53, 157
What are the prime factors of 9310392?
2, 3, 7, 13, 29
List the prime factors of 4515001.
4515001
What are the prime factors of 770782?
2, 385391
What are the prime factors of 11316?
2, 3, 23, 41
List the prime factors of 19586970.
2, 3, 5, 13, 16741
List the prime factors of 8210771.
787, 10433
List the prime factors of 590019.
3, 17, 23, 503
What are the prime factors of 4477318?
2, 23, 131, 743
What are the prime factors of 937054?
2, 468527
What are the prime factors of 182552?
2, 19, 1201
What are the prime factors of 195208?
2, 13, 1877
List the prime factors of 713012.
2, 397, 449
What are the prime factors of 2157979?
563, 3833
List the prime factors of 578300.
2, 5, 5783
List the prime factors of 816627.
3, 7, 37, 1051
What are the prime factors of 59507?
7, 8501
What are the prime factors of 11084461?
1069, 10369
List the prime factors of 1769467.
7, 113, 2237
List the prime factors of 961804.
2, 83, 2897
List the prime factors of 1074790.
2, 5, 23, 4673
What are the prime factors of 15798795?
3, 5, 857, 1229
What are the prime factors of 156048?
2, 3, 3251
List the prime factors of 620040.
2, 3, 5, 5167
List the prime factors of 134449.
7, 19207
List the prime factors of 6783461.
6783461
What are the prime factors of 12609302?
2, 6304651
List the prime factors of 19023259.
229, 83071
What are the prime factors of 199476?
2, 3, 1847
List the prime factors of 50384.
2, 47, 67
List the prime factors of 130886.
2, 7, 9349
What are the prime factors of 916370?
2, 5, 7, 13, 19, 53
What are the prime factors of 23591799?
3, 7, 11, 59, 577
List the prime factors of 5187.
3, 7, 13, 19
List the prime factors of 2221048.
2, 313, 887
What are the prime factors of 21950625?
3, 5, 23, 509
List the prime factors of 13812938.
2, 6906469
List the prime factors of 40787.
40787
What are the prime factors of 631009?
19, 33211
What are the prime factors of 5971692?
2, 3, 17, 73, 401
List the prime factors of 1927970.
2, 5, 11, 17, 1031
What are the prime factors of 230555?
5, 13, 3547
List the prime factors of 3783024.
2, 3, 7, 139
List the prime factors of 254571.
3, 84857
List the prime factors of 2368274.
2, 19, 62323
List the prime factors of 1187126.
2, 47, 73, 173
List the prime factors of 5395.
5, 13, 83
List the prime factors of 3835627.
29, 132263
What are the prime factors of 169713?
3, 109, 173
What are the prime factors of 3237468?
2, 3, 13, 20753
What are the prime factors of 47752?
2, 47, 127
What are the prime factors of 656134?
2, 328067
What are the prime factors of 14269?
19, 751
What are the prime factors of 187102?
2, 17, 5503
What are the prime factors of 15489831?
3, 7, 105373
What are the prime factors of 140025?
3, 5, 1867
List the prime factors of 2328244.
2, 23, 25307
List the prime factors of 2248463.
7, 45887
What are the prime factors of 11113436?
2, 43, 64613
What are the prime factors of 4316?
2, 13, 83
List the prime factors of 243997.
13, 137
List the prime factors of 4973583.
3, 1657861
What are the prime factors of 29811?
3, 19, 523
List the prime factors of 759663.
3, 84407
What are the prime factors of 940072?
2, 7, 16787
List the prime factors of 2861654.
2, 37, 38671
List the prime factors of 32193111.
3, 43, 479, 521
List the prime factors of 254478.
2, 3, 7, 73, 83
List the prime factors of 3875723.
1657, 2339
What are the prime factors of 2680050?
2, 3, 5, 17, 1051
List the prime factors of 4450963.
11, 293, 1